nd r?
3
Let r be ((-3)/2)/((-174)/1276). Calculate the greatest common factor of 1441 and r.
11
Let h(f) = 38*f + 144. Let i be h(2). Calculate the greatest common factor of 80 and i.
20
Suppose -63 = -39*p + 132. Calculate the greatest common factor of p and 3.
1
Let x be (-2)/(-5) - (-78)/5. Let r = 30 + -26. Suppose 0 = r*m, -m - 448 = -4*z - 3*m. Calculate the greatest common factor of z and x.
16
Let p be (-2)/(-48)*-4 + 26/12. Let g be (4 - 7) + 188/p. What is the greatest common factor of g and 13?
13
Suppose 0 = t - 4 - 10. Let d = 16 - t. Suppose 11 = -j + 5*j + 5*w, 2*w = -d. What is the highest common divisor of 40 and j?
4
Let w be (-23)/(-4) + (1 - (-147)/(-84)). Calculate the highest common divisor of w and 755.
5
Let h = 56 + -28. Let j = h - 21. Suppose 3*w = j*w - 40. Calculate the greatest common factor of 110 and w.
10
Suppose -c - 4*w + 39 = w, w - 3 = 0. Let a be (-4)/(-3)*135/30. Calculate the greatest common divisor of a and c.
6
Suppose -p + 9*p = 120. What is the greatest common divisor of 6 and p?
3
Suppose 1090 = 5*c - 3*p + 6*p, 4*c = 4*p + 904. What is the greatest common factor of 13 and c?
13
Let f(n) = -3*n + 1. Let i = 34 - 35. Let s be f(i). Calculate the greatest common factor of 44 and s.
4
Suppose 5*k - 5*r = 55, 29 = 3*k - r - 0*r. Suppose -4*u - u - 4*m = -63, 2*m - k = -u. Let x = 18 - u. Calculate the highest common divisor of 24 and x.
3
Let v = -140 + 148. What is the greatest common factor of 2 and v?
2
Suppose 0 = 3*a + 2*a - 825. Let m be (-596)/(-9) - (-290)/(-1305). Calculate the greatest common divisor of a and m.
33
Let z(b) = -2*b + 12. Let w be z(-4). Suppose 0 = -2*m + 5*m + 51. Let n = m + w. What is the highest common factor of 12 and n?
3
Suppose -4*s + 226 = 5*d, 3*s = 2*d + 496 - 614. Let z be 2/5 - (-148)/5. Calculate the highest common divisor of z and d.
10
Let r = 18 - -582. Suppose -4*y - r = -9*y. Calculate the highest common factor of y and 40.
40
Suppose 88*u = 98*u - 8600. Calculate the greatest common divisor of u and 20.
20
Let d(z) = 79*z**2 + 3*z - 2. Let j be d(1). Let r(t) = t + 9. Let o be r(7). Calculate the greatest common factor of o and j.
16
Let g be ((-53)/(-2) + 6)*(2 + 0). Calculate the greatest common factor of g and 13.
13
Let k be (-2)/(-7) - 423/(-63). Let j = k - 11. Let y be 14 + (4 + -7 - j). What is the greatest common factor of y and 45?
15
Suppose 0*f + 3*f = 0. Let y(k) = f*k - 2 + 5*k**2 - k**3 + 0*k**3 + 3 + k. Let x be y(4). Calculate the highest common divisor of x and 7.
7
Let j(x) = -3*x**3 - 7*x**2 - 11*x - 19. Let v be j(-9). What is the highest common divisor of v and 85?
85
Suppose 0 = c + 47 - 19. Let d = c + 36. Suppose -96 = -h - 32. What is the greatest common factor of h and d?
8
Suppose 337*i = 320*i + 4692. Calculate the greatest common factor of i and 483.
69
Let i = 27 + -5. Let l be i/11*(-37)/(-2). Suppose 3*o - 190 = -l. What is the greatest common factor of 34 and o?
17
Suppose 0*y + 18 = 3*y. Suppose y*r + 12 = 10*r. Let m be (-1)/(-4) - 83/(-4). Calculate the highest common divisor of r and m.
3
Let u = 1009 + -703. What is the greatest common factor of 34 and u?
34
Suppose -4*b = -4*j - 0*b + 112, 0 = -3*b + 9. Suppose j = 2*i - s, 3 = i - 2*s - s. What is the highest common divisor of i and 18?
18
Let i be -1 - 3*164/12. Let h = -14 - i. What is the greatest common divisor of 42 and h?
14
Suppose 10*u = 405 - 105. What is the highest common divisor of 730 and u?
10
Let u(t) = -t - 9. Let o be u(-6). Let w(j) = -3*j - 4. Let x be w(o). Let l = 21 + -19. Calculate the greatest common factor of x and l.
1
Suppose -3*y + 5*y + 374 = 0. Let w = y + 67. Let b be (-1 - -8)*w/(-28). Calculate the highest common divisor of 3 and b.
3
Suppose -1 = 4*h - f, 0 = 3*f + 2*f - 25. Let m(g) = 7*g**3 + 3*g - 1 - 6*g + 4*g. Let w be m(h). What is the greatest common divisor of 14 and w?
7
Let f be (-2 - -7)/(-15)*-15. Suppose -f*d = 5*z - 195, d - 20 = 3*z + 23. Calculate the highest common divisor of d and 120.
40
Suppose m + 4*h = 520, 4*m - 3446 + 1281 = h. What is the highest common factor of m and 60?
60
Let k(z) = -7*z + 10. Let r be k(4). Let n be (-4377)/r + (-8)/48. What is the highest common divisor of 27 and n?
27
Suppose 18*f - 394 - 16364 = 0. Calculate the greatest common divisor of 19 and f.
19
Let m(z) = 9*z - 4*z**2 + 3*z + 4 + 2*z**3 - 11*z. Let b be m(3). What is the highest common factor of b and 250?
25
Let n(g) = g + 11. Let j = 167 - 172. Let h be n(j). Suppose y - 48 = -0*y. What is the greatest common divisor of h and y?
6
Suppose 9 = -3*a, -5*q + a + 10 = -48. Let u = -1034 + 1122. Calculate the greatest common factor of u and q.
11
Suppose -1474 = -8*y + 310. Suppose 5*n + 83 + 48 = 3*p, -4*p = 3*n - y. Calculate the highest common factor of 13 and p.
13
Let n(u) = -2*u**3 - u - 3. Let d be n(2). Let s = -16 - d. Suppose -s*y + 72 = 2. Calculate the highest common divisor of 98 and y.
14
Suppose 28*w - 10*w - 5814 = 0. What is the highest common factor of w and 19?
19
Let o be (-1)/(1 + (-20)/18). Let s be ((189/28)/3)/((-2)/(-112)). Suppose 0 = -12*x + 10*x + s. Calculate the greatest common factor of x and o.
9
Let k be (152/6)/((-8)/6 - -2). Suppose -4*v + 2*q + 60 = 0, -3*q - 2*q - k = -3*v. What is the greatest common divisor of 24 and v?
8
Suppose -2*p - 7 = 5*o - 42, 2*p - 5 = 5*o. Let d be 240/(-8)*(-4)/6. Let u = 60 - d. What is the greatest common factor of u and p?
10
Let n = -53 - -97. Let u = n + -27. Suppose 2*j - 37 = 31. What is the greatest common factor of u and j?
17
Suppose 0*u + 60 = 4*u. Let c(q) = q - 1. Let m be c(4). Suppose m*l - 120 = -l. Calculate the highest common factor of u and l.
15
Let u be 5*1*9/15. Suppose -g - 264 = -u*g. What is the greatest common factor of 12 and g?
12
Let t(a) = -a**2 - 2*a - 19. Let v be t(-7). Let x be (v + 15)*(-1)/1. What is the highest common factor of x and 52?
13
Let j = -42 + 45. Suppose 4*w - 20 = -j*y, 3*y = 4*w - 0*y + 4. What is the greatest common divisor of w and 20?
2
Let h = -185 + 199. Let o = -35 + 84. Calculate the greatest common divisor of o and h.
7
Let f be 0/(-1) + 4 + -2. Suppose 2*g = f + 2. Suppose g*h + 3*l = 7, -8 = -4*h - 2*l + 26. What is the highest common divisor of 88 and h?
11
Let j be (-46)/(-8) + 24/(-32). Suppose -6 = -j*q - 16. Let x be (5/(-15))/(q/78). Calculate the highest common divisor of 13 and x.
13
Let v = -93 + 201. Suppose 0 = -7*p + 2*p + 3*g + 819, -501 = -3*p + 5*g. Calculate the greatest common factor of p and v.
54
Let j = -115 - -120. What is the highest common divisor of j and 160?
5
Let u(o) = -o**2 - 49*o + 16. Let m be u(-14). What is the highest common divisor of 46 and m?
46
Let t be (-3)/((-2 - -3) + 0). Let m be 1*t*(-4)/12. Suppose -m = 3*f - 148. Calculate the highest common factor of f and 7.
7
Let l be 24*(36/198 - (-1062)/88). Calculate the greatest common divisor of 42 and l.
42
Let v = 55 - 56. Let s = v + 13. What is the greatest common factor of s and 60?
12
Suppose -7*r + 19*r = 3888. Let o be 24/5*90/12. What is the highest common factor of o and r?
36
Let g = -1 + 7. Let o = 104 + -104. Suppose 2*t = -b + 40, b - 56 = 2*t - o*t. Calculate the greatest common divisor of b and g.
6
Let i = 1649 + -1231. What is the greatest common factor of 110 and i?
22
Suppose 0 = -f - 5*g + 17, -25 = -f - 4*g - 7. Let l be (-27)/12*-1*-28. Let v = l - -96. Calculate the highest common divisor of f and v.
11
Suppose m - 3*f = 32 - 11, -2*m + 9 = 5*f. Let p be 1460/(-14) - m/(-42). Let j = -59 - p. Calculate the greatest common factor of j and 5.
5
Suppose 4 + 0 = 4*m - 3*h, 0 = m + 5*h - 1. What is the greatest common factor of m and 1?
1
Let f = 355 + -245. Let k(d) = -d**2 - 14*d - 26. Let v be k(-6). Calculate the greatest common divisor of v and f.
22
Suppose 0 = 3*j - 2*m - m - 183, -3*j - 4*m = -218. Let v = j + -30. What is the highest common factor of v and 54?
18
Let m = 19 + 143. What is the greatest common factor of 18 and m?
18
Let l(t) = 54*t + 82. Let i be l(3). What is the highest common divisor of i and 183?
61
Suppose -4*s - f + 356 = 0, -114 = -2*s + 5*f + 86. Calculate the highest common factor of 135 and s.
45
Let j = -69 - -75. Suppose -5*s - 2 - 13 = 0, -3*h = 2*s - 21. Calcul